d(-11).
33
Let f(w) = -w + 27. What is f(9)?
18
Let k(d) = -d**2 + 15*d + 37. Determine k(18).
-17
Let m(h) = h**2 + 9*h - 23. What is m(-8)?
-31
Let n(f) = 58*f - 238. Determine n(4).
-6
Let p(k) = 11*k**2 - 77*k + 14. What is p(7)?
14
Let p(y) = 2*y**3 - 13*y**2 - 6*y + 17. What is p(6)?
-55
Let c(l) = -5*l**2 + 5*l - 3. Calculate c(4).
-63
Let i(j) = j**3 - 6*j**2 - 21*j - 29. Calculate i(9).
25
Let l(g) = -g**3 - g**2 - 2*g + 2. Determine l(3).
-40
Let f(c) = c**2 - 9*c + 14. What is f(6)?
-4
Let o(u) = 2*u - 5. Determine o(2).
-1
Let f(s) = s**3 - 8*s**2 + 6*s - 7. What is f(5)?
-52
Let n(d) = 7*d**2 - 146*d - 28. Give n(21).
-7
Let s(c) = -c**2 - 13*c - 23. Give s(-10).
7
Let o(z) = 21*z - 18. Calculate o(-6).
-144
Let s(r) = r**3 + 8*r**2 - 11*r - 11. Calculate s(-9).
7
Let q(v) = -v**3 - 20*v**2 - v - 2. Calculate q(-20).
18
Let g(b) = 2*b**3 - 61*b**2 - 31*b + 7. Calculate g(31).
7
Let u(p) = -p**2 + 39*p - 74. Give u(36).
34
Let l(h) = -25*h**3 - h**2 + 5*h + 6. Give l(-1).
25
Let n(i) = -i**3 + i**2 + 4. Determine n(2).
0
Let r(y) = 2*y**2 - 4*y - 3. Give r(-2).
13
Let f(b) = -b**3 + 4*b**2 + b - 2. Determine f(5).
-22
Let o(h) = h**3 - h**2 - 16*h + 5. What is o(0)?
5
Let s(i) = -3*i**3 + 3*i**2 + 6*i + 2. Calculate s(-2).
26
Let r(t) = 6*t**2 - 3*t - 16. Give r(-4).
92
Let x(i) = i**2 + 11*i + 7. Give x(-7).
-21
Let c(x) = 2*x**3 - 2*x**2 - 11*x + 10. Calculate c(4).
62
Let x(n) = n**2 - 2*n + 3. What is x(-4)?
27
Let w(z) = 8*z**3 + z - 2. What is w(1)?
7
Let u(m) = m**3 - 5*m**2 + m - 4. Give u(5).
1
Let u(s) = -s**3 - 7*s**2 - 9*s + 9. Determine u(-5).
4
Let n(x) = 10*x - 8. Calculate n(9).
82
Let t(n) = 5*n**2 + 2*n + 8. Give t(3).
59
Let m(b) = -9*b + 61. Determine m(7).
-2
Let v(t) = -t**3 - 10*t**2 + 40*t - 5. Calculate v(-13).
-18
Let o(j) = j**2 - 29*j - 25. Determine o(26).
-103
Let o(q) = -2*q + 20. What is o(11)?
-2
Let p(s) = -s**2 + 14*s + 1. Calculate p(13).
14
Let t(w) = 5*w**3 - 1. Give t(-1).
-6
Let y(k) = -k**2 + 15*k - 2. Calculate y(14).
12
Let m(r) = -4*r**3 - r**2 - r + 1. Determine m(1).
-5
Let o(h) = -4*h**2 + 197*h + 161. Determine o(50).
11
Let s(k) = k**2 - k - 1. Determine s(5).
19
Let p(b) = 2*b**2 - 12*b - 8. Calculate p(9).
46
Let t(r) = 2*r + 8. Calculate t(-1).
6
Let z(k) = 2*k**3 - k**2 - 2*k - 1. What is z(2)?
7
Let u(g) = g**3 + 9*g**2 + 5*g + 22. What is u(-9)?
-23
Let n(o) = 31*o**2 - 1. Calculate n(-1).
30
Let t(v) = -9*v - 222. Give t(-25).
3
Let m(w) = -w**3 - 7*w**2 - 11*w. Calculate m(-5).
5
Let w(a) = -a**3 - 11*a**2 - 7*a - 7. What is w(-10)?
-37
Let v(z) = z**3 + 9*z**2 - 2*z + 49. Calculate v(-10).
-31
Let v(z) = -5*z + 6. What is v(2)?
-4
Let x(c) = -c**3 + 3*c + 2. What is x(-1)?
0
Let h(s) = 5*s + 20. Give h(-9).
-25
Let m(b) = 2*b**2 - 5*b - 12. What is m(4)?
0
Let s(x) = 94*x**2 - x + 1. Give s(1).
94
Let m(g) = g**2 + 13*g + 14. Determine m(-9).
-22
Let t(p) = -p**2 + 7*p + 38. Determine t(9).
20
Let a(f) = -f**2 + 83*f - 604. What is a(8)?
-4
Let v(y) = y**2 + 3*y - 13. What is v(-10)?
57
Let w(a) = -a**3 + 12*a**2 + a - 17. What is w(12)?
-5
Let z(u) = -u**2 + 17*u - 14. Give z(15).
16
Let w(v) = 3*v + 83. What is w(-12)?
47
Let o(f) = 21*f - 2. Calculate o(-3).
-65
Let d(f) = 88*f - 612. What is d(7)?
4
Let d(h) = h**3 - 8*h**2 + h - 6. Give d(9).
84
Let f(u) = 2*u + 12. Calculate f(-11).
-10
Let z(o) = 2*o**3 - 5*o**2 - 17*o + 17. Determine z(4).
-3
Let l(v) = -v**3 - 6*v**2 + 4*v + 20. What is l(-6)?
-4
Let f(y) = y**3 + 32*y**2 - 142*y + 79. Calculate f(-36).
7
Let k(f) = -15*f**2 - 164*f + 14. Calculate k(-11).
3
Let m(t) = -t**3 + t**2 - 8*t + 23. What is m(3)?
-19
Let r(v) = v**3 - v**2 + v + 60. Give r(0).
60
Let p(l) = -l**3 + 5*l**2 + 4*l - 14. Calculate p(2).
6
Let y(d) = 6*d - 12. What is y(1)?
-6
Let p(o) = -o. What is p(5)?
-5
Let q(o) = 39*o**2 - 2*o + 3. Calculate q(1).
40
Let a(z) = z**3 + z**2 + z + 1. Calculate a(0).
1
Let n(w) = -w**2 - 15*w - 17. Give n(-13).
9
Let u(n) = -n + 8. What is u(-7)?
15
Let x(t) = -3*t - 21. What is x(-7)?
0
Let j(k) = -k**2 + 12*k - 23. Give j(16).
-87
Let d(n) = n**3 + 6*n**2 - 2*n - 47. What is d(-5)?
-12
Let y(v) = -v**2 - 13*v - 10. Calculate y(-10).
20
Let l(u) = 3*u**3 - 3*u**2 + u - 2. What is l(2)?
12
Let i(v) = 175*v + 695. Determine i(-4).
-5
Let z(x) = x**2 + x - 2. Determine z(2).
4
Let c(y) = 7*y**3 + y**2 - y. Give c(-2).
-50
Let s(i) = -i**2 + 4*i + 2. Determine s(7).
-19
Let i(a) = -a**3 + 7*a**2 + 8*a + 7. Calculate i(8).
7
Let a(w) = -w**3 - 9*w**2 + 7*w - 20. Calculate a(-10).
10
Let z(q) = q**3 - 5*q**2 - 3*q + 1. Give z(4).
-27
Let n(h) = h**3 - 4*h**2 + 4*h - 107. What is n(6)?
-11
Let h(k) = -k**3 + 8*k**2 - k - 40. Determine h(7).
2
Let i(l) = 3*l + 3. What is i(-8)?
-21
Let l(i) = i**2 - 5*i - 3. Calculate l(6).
3
Let o(r) = 5*r + 1. Determine o(-2).
-9
Let j(l) = l**3 + l**2 + 3*l + 1. What is j(-2)?
-9
Let u(s) = 6*s**2 + 169*s - 33. What is u(-28)?
-61
Let j(i) = -i**2 + 100*i - 377. Determine j(4).
7
Let b(n) = 2*n**2 - 5. Calculate b(3).
13
Let g(t) = 2*t + 12. Give g(-4).
4
Let s(u) = -5*u + 70. Calculate s(15).
-5
Let v(u) = 5*u + 1. What is v(1)?
6
Let g(z) = 2*z + 7. What is g(9)?
25
Let y(w) = w**3 + 14*w**2 + 15*w + 32. Determine y(-13).
6
Let w(x) = -x + 1. Give w(-1).
2
Let r(b) = 15*b**3 - b. Calculate r(1).
14
Let y(j) = -j**3 - 8*j**2 + 7*j + 69. Determine y(-7).
-29
Let w(n) = -2*n - 11. Determine w(-3).
-5
Let g(q) = 2*q**3 + 21*q**2 + 11*q + 11. Determine g(-10).
1
Let n(c) = 2*c**2 + 70*c - 1. Give n(-35).
-1
Let v(g) = g**3 + 13*g**2 - 14*g + 5. Give v(-14).
5
Let w(k) = k - 5. Determine w(0).
-5
Let y(f) = -2*f**2 + 3*f + 6. Calculate y(5).
-29
Let g(b) = -2*b**2 + 25*b - 69. Determine g(6).
9
Let r(s) = s**2 + s. What is r(3)?
12
Let y(h) = h**3 + 2*h**2 + 6*h + 1. Determine y(-2).
-11
Let k(j) = -j**2 - 9*j - 17. Determine k(-7).
-3
Let q(c) = -4*c - 12. Give q(-6).
12
Let z(l) = -5*l**2 + 4*l - 1. Calculate z(-3).
-58
Let k(l) = -l**2 - 20*l + 37. Calculate k(-22).
-7
Let y(d) = -2*d + 2. What is y(-5)?
12
Let t(y) = y**3 + 10*y**2 + 26*y + 16. Give t(-5).
11
Let q(o) = 19*o - 3. Determine q(1).
16
Let j(o) = 4*o**3 + 8*o**2 - o - 1. What is j(1)?
10
Let h(o) = o**3 + 12*o**2 + 13*o + 13. Determine h(-11).
-9
Let s(o) = 2*o**2 + 2*o - 3. Calculate s(3).
21
Let i(a) = 6*a - 10. Determine i(-3).
-28
Let n(i) = 17*i - 3. What is n(3)?
48
Let o(y) = y**2 + 3*y - 9. Calculate o(0).
-9
Let f(i) = 3*i**2 - 21*i - 23. Determine f(8).
1
Let c(t) = t**2 - 2*t + 6. What is c(5)?
21
Let z(g) = g**2 + 36*g + 176. What is z(-31)?
21
Let y(i) = -i**3 - 14*i**2 - 14*i - 13. Determine y(-13).
0
Let z(o) = 3*o**3 - 35*o**2 - 13*o + 3. What is z(12)?
-9
Let q(r) = 9*r - 5. Give q(5).
40
Let c(z) = z**2 - z + 5. Determine c(4).
17
Let w(p) = -2*p + 32. Calculate w(0).
32
Let h(a) = -9*a**2 - 17*a + 16. What is h(1)?
-10
Let x(q) = -2*q**3 + 10*q**2 + 2*q - 6. Give x(5).
4
Let p(l) = l**2 - 2*l - 6. Determine p(0).
-6
Let g(w) = -w - 5. Determine g(-6).
1
Let w(q) = -q**3 - 4*q**2 + 7*q + 6. Give w(-5).
-4
Let i(m) = m**3 - 22*m**2 - 21*m - 47. Give i(23).
-1
Let m(h) = -10*h - 13. Determine m(-3).
17
Let l(k) = k**2 - 11*k + 20. What is l(4)?
-8
Let j(l) = -40*l - 479. Determine j(-12).
1
Let h(c) = -c**2 + 29*c - 197. Determine h(19).
-7
Let q(a) = 10*a - 12. Determine q(14).
128
Let z(o) = 7*o - 23. Calculate z(7).
26
Let i(u) = -u**3 + u - 29. Calculate i(0).
-29
Let h(k) = k**3 + 2*k + 2. Give h(4).
74
Let q(n) = n**3 - 4*n**2 + n + 9. What is q(0)?
9
Let y(f) = -2*f - 76. Determine y(-43).
10
Let q(p) = -p**3 - 18*p**2 - 37*p - 9. Calculate q(-16).
71
Let j(k) = k**3 + 17*k**2 - 18*k + 17. Calculate j(-18).
17
Let o(y) = y**3 + 8*y**2 - 2*y + 8. What is o(-8)?
24
Let o(q) = q**2 + 9*q + 5. What is o(-8)?
-3
Let y(r) = r**2 + 2*r + 3. Give y(0).
3
Let j(h) = -2*h + 113. Calculate j(52).
9
Let u(b) = -2*b**2 + 26*b + 39. Determine u(14).
11
Let z(o) = -o**3 - 7*o**2 - o. Determine z(-7).
7
Let q(j) = -j**3 + 2*j**2 - j + 12. Give q(4).
-24
Let k(n) = 14*n - 8. Give k(-10).
-148
Let m(h) = -3*h**2 - 5*h - 11. What is m(-5)?
-61
Let a(w) = -4*w**2 + 34*w - 14. Determine a(8).
2
Let a(m) = 13*m**3 - 2*m**2 + m + 1. Determine a(1).
13
Let l(j) = -29*j + 605. Determine l(21).
-4
Let a(f) = -f**